usands digit of 422825870?
2
What is the hundred thousands digit of 4433469?
4
What is the hundred thousands digit of 3920622849?
6
What is the tens digit of 66791423?
2
What is the hundred thousands digit of 669380654?
3
What is the hundred thousands digit of 200140383?
1
What is the ten millions digit of 4314264466?
1
What is the millions digit of 701978244?
1
What is the hundred millions digit of 205450117?
2
What is the millions digit of 32901865?
2
What is the thousands digit of 2741184792?
4
What is the hundred millions digit of 3068414374?
0
What is the hundred thousands digit of 225296725?
2
What is the ten millions digit of 238873403?
3
What is the hundreds digit of 41353234?
2
What is the ten thousands digit of 158269822?
6
What is the hundreds digit of 126660172?
1
What is the hundreds digit of 416072625?
6
What is the hundreds digit of 16990150?
1
What is the units digit of 816662610?
0
What is the millions digit of 319545057?
9
What is the millions digit of 458400182?
8
What is the tens digit of 103031100?
0
What is the millions digit of 7520505808?
0
What is the hundred millions digit of 4935324858?
9
What is the thousands digit of 203103?
3
What is the hundred millions digit of 1069307921?
0
What is the billions digit of 1805104401?
1
What is the hundred thousands digit of 73846945?
8
What is the ten millions digit of 762537944?
6
What is the millions digit of 360644419?
0
What is the hundreds digit of 112120634?
6
What is the hundred thousands digit of 73136769?
1
What is the tens digit of 613359465?
6
What is the hundred thousands digit of 255875264?
8
What is the units digit of 211563734?
4
What is the ten thousands digit of 508942974?
4
What is the units digit of 48320965?
5
What is the millions digit of 997682666?
7
What is the tens digit of 265351695?
9
What is the hundred thousands digit of 16161609?
1
What is the thousands digit of 190385838?
5
What is the ten thousands digit of 477417948?
1
What is the thousands digit of 2419680?
9
What is the ten thousands digit of 61927839?
2
What is the millions digit of 28232438?
8
What is the hundred millions digit of 129557202?
1
What is the millions digit of 89666594?
9
What is the hundred thousands digit of 309576614?
5
What is the tens digit of 7876437?
3
What is the ten millions digit of 418407225?
1
What is the hundred thousands digit of 30384639?
3
What is the thousands digit of 47830600?
0
What is the ten thousands digit of 126045156?
4
What is the hundred millions digit of 100601905?
1
What is the units digit of 52801532?
2
What is the hundreds digit of 1999278864?
8
What is the thousands digit of 68047389?
7
What is the millions digit of 204429133?
4
What is the tens digit of 79692386?
8
What is the millions digit of 65668478?
5
What is the units digit of 2777985294?
4
What is the hundred millions digit of 528803214?
5
What is the units digit of 92904120?
0
What is the hundred thousands digit of 43349421?
3
What is the hundreds digit of 423594814?
8
What is the hundred millions digit of 4254005505?
2
What is the units digit of 96809867?
7
What is the units digit of 22986958?
8
What is the hundreds digit of 37625858?
8
What is the hundred thousands digit of 5193766686?
7
What is the units digit of 707591553?
3
What is the hundred millions digit of 861659113?
8
What is the thousands digit of 115733269?
3
What is the tens digit of 40430619?
1
What is the thousands digit of 271516945?
6
What is the thousands digit of 118162494?
2
What is the ten millions digit of 47774239?
4
What is the hundred millions digit of 279849043?
2
What is the thousands digit of 17048964?
8
What is the units digit of 806409843?
3
What is the ten millions digit of 532137447?
3
What is the ten millions digit of 2135954470?
3
What is the ten millions digit of 39506082?
3
What is the hundreds digit of 35308759?
7
What is the millions digit of 213837314?
3
What is the ten millions digit of 46575349?
4
What is the thousands digit of 173198758?
8
What is the hundred thousands digit of 65536851?
5
What is the ten millions digit of 427492426?
2
What is the millions digit of 2262422343?
2
What is the hundreds digit of 418714915?
9
What is the hundreds digit of 149021915?
9
What is the hundreds digit of 392694?
6
What is the tens digit of 6261862?
6
What is the ten thousands digit of 930013806?
1
What is the units digit of 403748814?
4
What is the billions digit of 5809534262?
5
What is the hundred thousands digit of 3241789744?
7
What is the thousands digit of 211836478?
6
What is the ten thousands digit of 472287625?
8
What is the millions digit of 72848368?
2
What is the units digit of 668903509?
9
What is the ten thousands digit of 877592313?
9
What is the hundred millions digit of 791360791?
7
What is the millions digit of 34461256?
4
What is the hundred millions digit of 130653596?
1
What is the ten millions digit of 7027264387?
2
What is the hundreds digit of 2575600604?
6
What is the millions digit of 97334967?
7
What is the thousands digit of 33984527?
4
What is the tens digit of 456984105?
0
What is the hundreds digit of 4617672703?
7
What is the hundred thousands digit of 32888145?
8
What is the hundreds digit of 122222699?
6
What is the thousands digit of 2560141025?
1
What is the ten millions digit of 193161318?
9
What is the hundred thousands digit of 110017696?
0
What is the units digit of 509839904?
4
What is the billions digit of 6801238310?
6
What is the hundreds digit of 754378500?
5
What is the thousands digit of 44124188?
4
What is the units digit of 1854512626?
6
What is the hundreds digit of 488227273?
2
What is the hundreds digit of 3144106126?
1
What is the billions digit of 4310380645?
4
What is the hundred millions digit of 2958078378?
9
What is the ten millions digit of 216856421?
1
What is the units digit of 4169264646?
6
What is the thousands digit of 568437231?
7
What is the billions digit of 2276903848?
2
What is the units digit of 3491246047?
7
What is the hundred thousands digit of 135470631?
4
What is the units digit of 19360139?
9
What is the ten millions digit of 35911646?
3
What is the hundred millions digit of 254523703?
2
What is the thousands digit of 245104459?
4
What is the units digit of 134360901?
1
What is the thousands digit of 82532691?
2
What is the ten millions digit of 72807818?
7
What is the units digit of 1093400095?
5
What is the ten thousands digit of 3392229868?
2
What is the ten thousands digit of 602695061?
9
What is the hundred thousands digit of 322604438?
6
What is the ten millions digit of 2118243605?
1
What is the hundred thousands digit of 303865432?
8
What is the units digit of 117743794?
4
What is the hundreds digit of 876740715?
7
What is the ten thousands digit of 234430590?
3
What is the millions digit of 1397750369?
7
What is the millions digit of 10508235?
0
What is the thousands digit of 41764629?
4
What is the millions digit of 275886613?
5
What is the millions digit of 112821466?
2
What is the hundreds digit of 3598940909?
9
What is the millions digit of 31942272?
1
What is the millions digit of 4342369271?
2
What is the hundred thousands digit of 532788907?
7
What is the units digit of 176943629?
9
What is the millions digit of 102124496?
2
What is the hundred thousands digit of 43622936?
6
What is the millions digit of 343126346?
3
What is the millions digit of 1974298?
1
What is the ten millions digit of 1020213606?
2
What is the tens digit of 2040836453?
5
What is the ten thousands digit of 2709795?
0
What is the ten thousands digit of 3092515684?
1
What is the billions digit of 1043523134?
1
What is the ten millions digit of 164522778?
6
What is the millions digit of 32143254?
2
What is the thousands digit of 35263649?
3
What is the ten thousands digit of 35976716?
7
What is the billions digit of 1117624142?
1
What is the ten thousands digit of 2392668091?
6
What is the hundred thousands digit of 814043602?
0
What is the ten millions digit of 91639829?
9
What is the thousands digit of 251979080?
9
What is the billions digit of 1979515550?
1
What is the hundreds digit of 4906753941?
9
What is the units digit of 244543416?
6
What is the millions digit of 2029441769?
9
What is the hundreds digit of 19824632?
6
What is the units di